Suppose 204 = 5*x - 6*x. Let n = -72 - x. What is the highest common divisor of a and n?
12
Suppose 77 = 8*n - 51. What is the highest common factor of n and 104?
8
Suppose 5*d - 6*d = 0. Suppose 3*o + 462 = 3*u + 2*u, -5*u + 4*o + 466 = d. Calculate the greatest common divisor of u and 10.
10
Let y(f) = -f**3 - 14*f**2 - 60*f + 114. Let b be y(-14). What is the greatest common divisor of b and 18?
18
Let r = 248 - 206. Calculate the highest common factor of r and 14.
14
Suppose -5*m + 4*q + 1743 + 887 = 0, 0 = -5*m - 4*q + 2590. Calculate the greatest common factor of 29 and m.
29
Let n(l) = 27*l**2 + 2*l. Let p be n(-6). Suppose -3*x - p = -8*x. Calculate the greatest common factor of x and 24.
24
Let i be 62 + 1 + 4 + -1. Let s be (-1)/4 - (-1869)/84. Calculate the greatest common factor of i and s.
22
Let p = 36 + -34. Suppose 4*u = w + 58, -u - p*w = -4 - 6. Calculate the greatest common divisor of u and 70.
14
Let g(t) = 5*t**3 + 5*t**3 + 15*t**2 - 14*t**3 + 5*t**3 - 8*t + 15. Let l be g(-15). Calculate the greatest common divisor of 15 and l.
15
Let k be (17778/34 - 16/(-136)) + -1. What is the highest common factor of 18 and k?
18
Let z(x) = -130*x + 102. Let v(h) = -52*h + 41. Let u(f) = -12*v(f) + 5*z(f). Let m be u(-2). Calculate the highest common factor of 10 and m.
10
Suppose -w = -2*f - 0*w + 285, 0 = 4*f - w - 565. Suppose f*z + 24 = 142*z. What is the highest common divisor of 4 and z?
4
Let v = 685 - 552. Calculate the highest common divisor of v and 7.
7
Let c be 1*(-12)/14*(-42)/12. Suppose -c*o + 237 = 75. Let f = 15 + -9. Calculate the highest common factor of o and f.
6
Suppose 4*i + 605 = 613. Calculate the highest common factor of 8 and i.
2
Suppose 577 + 5813 = 18*b. What is the greatest common factor of b and 15?
5
Suppose -6*z = -10 - 2. Suppose 2*p + 8 = 6*p. What is the highest common factor of p and z?
2
Let o(g) = 7*g**2 + 5*g - 3. Let h(r) = -r**3 + r**2 + r - 1. Let s be h(2). Let w be o(s). Calculate the highest common divisor of 30 and w.
15
Let b = 229 - 231. Let m(d) = -1. Let o(w) = 3*w**3 - w. Let t(p) = 2*m(p) - o(p). Let q be t(b). Calculate the highest common divisor of q and 8.
4
Let x = -40 + 37. Let r be (3/(-3))/x + 47/3. Calculate the greatest common divisor of r and 160.
16
Suppose -2*u - 416 = -6*u. Suppose -2*h + 3*w - 8*w = -31, -4*h + w + 51 = 0. Calculate the greatest common factor of u and h.
13
Suppose 2*i - 17*x = -15*x + 852, -1716 = -4*i + x. What is the highest common factor of i and 10?
10
Suppose -3*n + 552 = -0*n. Let w(y) = y**2 + 6*y - 10. Let i be w(-7). Let m be (2/i)/((-34)/1173). Calculate the greatest common factor of m and n.
23
Suppose -3*g = -4*g + 32. Suppose -144 = -6*i + 156. Suppose 5*q - i = 30. Calculate the highest common divisor of g and q.
16
Let r = -6 + 8. Suppose 4*k = i - 87, -i + r*k + 3*k = -84. Let g be (-27)/(-3) + -3 - -3. Calculate the highest common factor of i and g.
9
Let w = 75 + -72. Suppose -3*r + 19 = 5*d - 20, -2*r - w*d = -27. Suppose 4*z - 81 = z. Calculate the highest common divisor of r and z.
9
Suppose -22*i - 2752 = -26*i. What is the greatest common factor of 43 and i?
43
Let o(r) = 6*r - 2. Let j be o(1). Suppose 0*t = -5*t - j*b + 60, 0 = -b - 5. What is the greatest common factor of t and 40?
8
Let q be (-1)/(30/(-1206)) - (-2)/(-10). Suppose 0 = 9*i - 5*i - 200. Suppose -i = -6*c + c. What is the highest common divisor of q and c?
10
Let r = 167 + -166. Calculate the greatest common divisor of 2 and r.
1
Suppose -45 + 147 = 6*s. Calculate the highest common divisor of 221 and s.
17
Let p = 106 + -62. Let t = p - -61. What is the highest common factor of 63 and t?
21
Let m = -18 - -33. Let n(h) = -h**2 + 34*h - 100. Let y be n(29). Suppose -b + y = -m. What is the greatest common factor of b and 15?
15
Let p(o) = o + 0*o - 28*o**2 - 6 + 29*o**2. Let i be p(-5). What is the greatest common divisor of 14 and i?
14
Let l be -1*13 + 16/(-8). Let k be 585/(-3)*l/25. What is the greatest common divisor of k and 13?
13
Let n be (-424)/(-3) + (48/(-36) - -1). Calculate the greatest common divisor of n and 1175.
47
Let a(c) = 3*c**2 - 2*c - 1. Let t be a(-2). Let i = -47 + 51. Let w(j) = -j**2 + 3*j + 7. Let r be w(i). Calculate the highest common divisor of t and r.
3
Suppose 2150*g - 368 = 2142*g. What is the greatest common factor of 299 and g?
23
Suppose 25 = x + 4*x. Suppose 4*i + 5*n = 48, 97 = x*i - 3*n - 0*n. What is the greatest common factor of i and 187?
17
Let z = -6 + 12. Let o = z + -2. Suppose -10 - 28 = -5*d - o*m, -16 = -d - 5*m. Calculate the greatest common factor of 54 and d.
6
Let k be (44 - 2)*4/12. Suppose 4 = -5*l + 9. Let v be (-21)/(l + -1*2). Calculate the greatest common divisor of k and v.
7
Let u = -2279 - -5735. What is the greatest common divisor of u and 108?
108
Suppose 542 = 2*w - 0*w. Suppose w = 5*h - 24. Let m = h + 58. What is the highest common divisor of m and 13?
13
Suppose 3*c = -0*c + x + 155, 0 = 5*c + 4*x - 281. What is the highest common divisor of 371 and c?
53
Suppose -2*o = -3 - 29. Let w = 8 + o. What is the highest common factor of 6 and w?
6
Suppose 2*k - 4*c - 31 = 25, k + 3*c = 48. Suppose -3*q + 2*u = -28, -4*u = -2*u + 4. Suppose 0*y - q = -2*y. Calculate the greatest common factor of y and k.
4
Suppose -5*n + 3*d = -111 + 15, 0 = 2*d + 4. What is the highest common divisor of n and 42?
6
Suppose 4*a - 6 = -78. Let z be 2 + ((-98)/(-5) - a/(-30)). Calculate the greatest common factor of 14 and z.
7
Suppose 2 = 3*a - 7. Suppose 56 = i + 3*i. Let z be (i + a)*(2 - -1). Calculate the highest common divisor of z and 34.
17
Let i be 16 - (1 - 2/(-2)). Suppose 4*s - 2*o = 3028, 5*s + o = 4460 - 682. Let m be ((-2)/(-2))/(6/s). Calculate the greatest common factor of m and i.
14
Suppose -13*r + 7344 = 38*r. Calculate the highest common factor of r and 9.
9
Let q be (4/3 + -2)/((-48)/720). What is the highest common factor of 190 and q?
10
Suppose 0 = -6*x + 4*x + 168. Let d be (-2)/11 + (-310)/(-11). Calculate the greatest common divisor of x and d.
28
Suppose 0 = -21*w - 418 + 2014. Calculate the greatest common divisor of w and 418.
38
Suppose 2*k - 18 + 0 = 0. Let d be 6 + ((10 + -50)/10 - 1*-10). What is the highest common factor of k and d?
3
Let m(h) = h + 1. Let k be m(2). Suppose 0 = k*q - 129 - 102. Let g be ((-11)/2)/(21/6 - 4). Calculate the highest common divisor of g and q.
11
Let g(c) = -8*c - 4. Suppose -2*k - 12 + 4 = 0. Let j be g(k). Let n = -16 + j. Calculate the highest common factor of 48 and n.
12
Let y = 2 + 1. Suppose -3*k + 106 + 5 = -4*a, 102 = y*k - a. Calculate the greatest common divisor of k and 22.
11
Suppose 73 = 3*i - 23. Let b = i - 25. Let z(q) = q**2 - 4*q + 10. Let f be z(8). Calculate the greatest common divisor of f and b.
7
Let u = 21 - 11. Suppose -182 - 218 = -8*c. What is the greatest common divisor of u and c?
10
Suppose -15 = -3*y, 0 = 3*b + y - 5*y + 8. Let q be 5/(15/78) - 4/(-2). Calculate the highest common divisor of q and b.
4
Let z be 15 - (-1 + 6/3). Suppose 0 = 4*h + 3 - 43. Suppose 2*v - 4 = h. What is the highest common divisor of z and v?
7
Let h be (-12 - -10)*35/(-10)*5. Suppose -2*n = -6*n + 1260. Calculate the greatest common factor of h and n.
35
Let o(p) = 25*p - 113. Let w be o(5). Let t(a) = -a**3 + 8*a**2 - 4*a - 9. Let k be t(7). What is the greatest common divisor of w and k?
12
Let l be 6/3*-5*(-5704)/115. What is the highest common divisor of 8 and l?
8
Let l(n) = 14*n**2 - 19*n - 21. Let v be l(-1). Suppose -3*k + 2*k = -4. What is the highest common divisor of v and k?
4
Suppose 3*f + 1776 = 40*f. Calculate the greatest common factor of 768 and f.
48
Let j = 10 - -193. Suppose -r + 40 = -4*h - 12, -h = -5*r + j. Let l = -857 - -861. Calculate the highest common divisor of r and l.
4
Let r = 91 - 76. Let y(l) = -l**3 + 13*l**2 + 36*l - 3. Let d be y(r). Calculate the greatest common factor of d and 58.
29
Let l = 1440 - 944. Suppose 5*o + 2*p = l, 0 = -2*o - 2*p + 13 + 189. Calculate the greatest common divisor of o and 14.
14
Suppose 2*d - 2*h - 4 = -0*d, -2*d = 5*h - 18. Suppose 5*l - 2*l = 2*c + 12, d*c + 4 = l. Calculate the highest common divisor of 2 and l.
2
Suppose -3*d + 5*d + 14 = 3*r, 12 = 2*r - 2*d. Let l be 